n base 2, what is -1 - 1000101?
-1000110
In base 2, what is -10111000001 + 100?
-10110111101
In base 10, what is -55 - -7?
-48
In base 12, what is -704 - 1?
-705
In base 12, what is -3 + -1025?
-1028
In base 2, what is -111000111 + 110011?
-110010100
In base 12, what is 4b3 + 9?
500
In base 6, what is 12 + 33?
45
In base 9, what is 7 - 662?
-654
In base 13, what is 4 + b?
12
In base 14, what is -151 + 9?
-146
In base 16, what is 0 + 5?
5
In base 13, what is 62 + -b?
54
In base 6, what is 220 + -15?
201
In base 3, what is -100 + 2011?
1211
In base 2, what is 111 - 1011000?
-1010001
In base 3, what is 21 + 1011002?
1011100
In base 14, what is -37 + -5d?
-96
In base 13, what is 2 - -3b?
40
In base 3, what is 110 - 0?
110
In base 10, what is -2029 + 4?
-2025
In base 14, what is -207 + -5?
-20c
In base 10, what is 0 - 1058?
-1058
In base 3, what is -10 - 1211?
-1221
In base 9, what is -7 + 22?
14
In base 3, what is 110 + 2?
112
In base 13, what is -25 + 20?
-5
In base 12, what is 0 - 32a?
-32a
In base 9, what is 2 - -38?
41
In base 15, what is -4 - -2c99?
2c95
In base 16, what is f + -20?
-11
In base 14, what is -8 - -14?
a
In base 6, what is 413 - 230?
143
In base 9, what is -4 + 66?
62
In base 13, what is -12c55 - 2?
-12c57
In base 8, what is -766 - 10?
-776
In base 10, what is -6 + -2?
-8
In base 6, what is 32352 - -1?
32353
In base 14, what is 677 + -5?
672
In base 8, what is 32 - 7?
23
In base 5, what is -142400 - -4?
-142341
In base 6, what is 3 + -1151?
-1144
In base 2, what is 11111001 - -1111?
100001000
In base 14, what is -6 - -402?
3da
In base 5, what is 4 - 322?
-313
In base 9, what is -158 - -85?
-63
In base 3, what is 22 + 10?
102
In base 4, what is -313 + 1232?
313
In base 10, what is 2122 + -1?
2121
In base 15, what is 3 - -109?
10c
In base 8, what is 5 + -1?
4
In base 15, what is -1 - -39?
38
In base 4, what is 11 - -321231?
321302
In base 12, what is -547 + -6?
-551
In base 10, what is 129 - -16?
145
In base 8, what is -1 - -212?
211
In base 4, what is 20100 - -22?
20122
In base 7, what is -5 - 6535?
-6543
In base 7, what is -2 - -4106?
4104
In base 12, what is -30 - 5?
-35
In base 7, what is -33 + -5?
-41
In base 10, what is 7 + -215?
-208
In base 7, what is -5 + 246?
241
In base 13, what is -8 - 261?
-269
In base 9, what is -23 + 247?
224
In base 11, what is 44 - -377?
410
In base 15, what is 2 - -5?
7
In base 11, what is 3a2 - -16?
408
In base 2, what is 101 - -10010101?
10011010
In base 14, what is -154 - -5?
-14d
In base 11, what is 15766 + 0?
15766
In base 2, what is 1010 - 10001?
-111
In base 14, what is 6 - 46?
-40
In base 16, what is 1b - -b8?
d3
In base 3, what is -122 - 12?
-211
In base 12, what is -4a4 + 0?
-4a4
In base 10, what is 886 + 10?
896
In base 8, what is -55273 - 0?
-55273
In base 16, what is 4 - -8d?
91
In base 6, what is -14 + -5?
-23
In base 5, what is -1 - -23?
22
In base 7, what is 13 + -421?
-405
In base 11, what is -8a - 0?
-8a
In base 6, what is 13123 + 2?
13125
In base 14, what is -1 + 157?
156
In base 12, what is 34 - 41?
-9
In base 8, what is 3436 + 3?
3441
In base 2, what is 100011 - -110?
101001
In base 6, what is -5 - -3015?
3010
In base 12, what is -6 - -31?
27
In base 9, what is -3 + 521?
517
In base 9, what is -5 - -240?
234
In base 8, what is -542 - 1?
-543
In base 6, what is -44 + 2?
-42
In base 3, what is -122202 - -2?
-122200
In base 6, what is -235 + 13?
-222
In base 3, what is -102002 - -1100?
-100202
In base 15, what is -24 + -121?
-145
In base 15, what is -48 + -1d?
-66
In base 3, what is -112 + -20210?
-21022
In base 11, what is -4 + 31?
28
In base 14, what is 440 - 6?
438
In base 4, what is 220121 - -2?
220123
In base 15, what is -2 - d2?
-d4
In base 14, what is -6a - -4?
-66
In base 11, what is -13 + 89?
76
In base 15, what is -3 - d?
-11
In base 14, what is -1 - -491?
490
In base 16, what is 76b - 4?
767
In base 11, what is -1 - -105?
104
In base 12, what is 29 + 6?
33
In base 9, what is -6 - -2?
-4
In base 3, what is -122222 - 12?
-200011
In base 13, what is 198 - 1?
197
In base 5, what is -2 + -30?
-32
In base 7, what is 310 + -53?
224
In base 10, what is 1 - 72?
-71
In base 14, what is 1 + 4ca?
4cb
In base 3, what is -2102 + -12111?
-21220
In base 3, what is 12 - 1120?
-1101
In base 12, what is -2 - -6a7?
6a5
In base 8, what is -1 + 41?
40
In base 5, what is -104 - 43?
-202
In base 7, what is -3 - 11411?
-11414
In base 10, what is 10 - -2315?
2325
In base 12, what is 0 + -3818?
-3818
In base 11, what is -753 - -2?
-751
In base 14, what is 1 + -9?
-8
In base 12, what is 49 - -4?
51
In base 3, what is 2 + 121?
200
In base 12, what is -36 - 77?
-b1
In base 7, what is -56 + 4?
-52
In base 14, what is 30 + 22?
52
In base 14, what is -1 + -16?
-17
In base 3, what is 1010120 - 0?
1010120
In base 14, what is 9 + 22?
2b
In base 3, what is 12 + 1000?
1012
In base 15, what is 5091 + 0?
5091
In base 14, what is 83 + 4?
87
In base 12, what is -4603 + 1?
-4602
In base 7, what is 325 + 16?
344
In base 5, what is -12104 + 31?
-12023
In base 16, what is ec - -5?
f1
In base 4, what is -11 - -1012?
1001
In base 10, what is 2 + 112?
114
In base 9, what is 1 + -164?
-163
In base 16, what is -18 + -7?
-1f
In base 9, what is 1 + -5?
-4
In base 13, what is 5 + -b8?
-b3
In base 3, what is 2001 + -2?
1222
In base 5, what is -14 - 4304?
-4323
In base 9, what is -41 - -5?
-35
In base 4, what is 333032 + -3?
333023
In base 10, what is -204 + 2?
-202
In base 10, what is -2 + -10?
-12
In base 16, what is 3 + -3e4?
-3e1
In base 8, what is 3226 - 4?
3222
In base 8, what is 467 + 5?
474
In base 11, what is -4 - 5?
-9
In base 2, what is 101 + 11?
1000
In base 11, what is -5 + 0?
-5
In base 7, what is 46 - -165?
244
In base 15, what is 1 - 159?
-158
In base 13, what is -3 - -1?
-2
In base 3, what is -2222 - -21220?
11221
In base 10, what is 2924 - -2?
2926
In base 14, what is -90 + -9?
-99
In base 7, what is -45 + 4?
-41
In base 2, what is 10011001001 - 1?
10011001000
In base 12, what is 5b - 0?
5b
In base 12, what is -5 - 199?
-1a2
In base 2, what is 10000010001 + -11?
10000001110
In base 16, what is -5d + -2?
-5f
In base 10, what is -2 - 1118?
-1120
In base 3, what is 22 - 121?
-22
In base 13, what is 268 - -20?
288
In base 16, what is -b94 - 4?
-b98
In base 15, what is 7ba - 3?
7b7
In base 15, what is 6 + -11?
-a
In base 15, what is -18 + 175?
15c
In base 16, what is -5 + 1c5?
1c0
In base 14, what is -3 - 5?
-8
In base 7, what is 13 - 105?
-62
In base 7, what is -120 + 0?
-120
In base 13, what is 11 - 0?
11
In base 15, what is 16 - -97?
ad
In base 15, what is -e1a - -6?
-e14
In base 9, what is 243 + 3?
246
In base 15, what is -7 + -bd?
-c5
In base 12, what is -5 + -78?
-81
In base 2, what is -11000101101 - 101?
-11000110010
In base 11, what is -4 - 314?
-318
In base 14, what is 101b - 5?
1016
In base 10, what is 5 + 5?
10
In base 16, what is -e + -22?
-30
In base 4, what is 2011210 + 0?
2011210
In base 9, what is -250 + 7?
-242
In base 14, what is -18 - -1?
-17
In base 14, what is 164 - -4?
168
In base 12, what is -3 + -957?
-95a
In base 15, what is -5 - 2da?
-2e0
In base 13, what is 5 + -b8?
-b3
In base 14, what is 60 - -2?
62
In base 13, what is 3 - -36?
39
In base 15, what is 1 + 97?
98
In base 12, what is -805 - -5?
-800
In base 6, what is -322 - 31?
-353
In base 5, what is 2221 - 2?
2214
In base 5, what is -241 - -4?
-232
In base 8, what is 0 - -1076?
1076
In base 16, what is -2e + -2?
-30
In base 12, what is -21 - -20?
-1
In base 14, what is -41 - -1b?
-24
In base 11, what is -23 + 256?
233
In base 10, what is -4176 + -3?
-4179
In base 3, what is 20110020 - 11?
20110002
In base 11, what is -1 - -8a?
89
In base 7, what is 22 + 63?
115
In base 2, what is 11101101 + 11?
11110000
In base 10, what is 2 + -32?
-30
In base 14, what is 41 + -bb?
-7a
In base 10, what is 5728 - 0?
5728
In base 12, what is -4 - -50?
48
In base 10, what is 6313 + 5?
6318
In base 12, what is 12a + 5?
133
In base 6, what is -1 + -15?
-20
In base 10, what is -18 + 0?
-18
In base 14, what is -48 - -2?
-46
In base 12, what is 27 - -87?
b2
In base 16, what is 2 + -8?
-6
In base 7, what is 5 - -261?
266
In base 4, what is 0 - 32?
-32
In base 10, what is -113 - -8?
-105
In base 7, what is -106 + 234?
125
In base 6, what is -102 + 10?
-